{"id":248,"date":"2020-06-08T10:04:52","date_gmt":"2020-06-08T10:04:52","guid":{"rendered":"http:\/\/frauenaerztin-kara.de\/?page_id=248"},"modified":"2024-05-15T14:13:50","modified_gmt":"2024-05-15T12:13:50","slug":"patienteninformation","status":"publish","type":"page","link":"https:\/\/frauenaerztin-kara.de\/?page_id=248","title":{"rendered":"Patienteninformation"},"content":{"rendered":"<p><strong>Patienteninformation zur Erhebung<\/strong><\/p>\n<p><strong>personenbezogener Daten nach Art. 13 DSGVO<\/strong><\/p>\n<p>Wir freuen uns, dass Sie unsere Website besuchen und bedanken uns f\u00fcr Ihr Interesse an unserer Praxis. Der Schutz Ihrer personenbezogenen Daten ist uns wichtig. Nach der EU-Datenschutz-Grundverordnung (DSGVO) sind wir verpflichtet, Sie dar\u00fcber zu informieren, zu welchem Zweck unsere Praxis Daten erhebt, speichert oder weiterleitet. Der Information k\u00f6nnen Sie auch entnehmen, welche Rechte Sie in puncto Datenschutz haben.<\/p>\n<ol>\n<li><strong> Verantwortlichkeit f\u00fcr die Datenverarbeitung<\/strong><\/li>\n<\/ol>\n<p>Verantwortlich f\u00fcr die Datenverarbeitung ist:<\/p>\n<p>Frauenarztpraxis Seng\u00fcl Kara<\/p>\n<p>Bahnhofstra\u00dfe 10<\/p>\n<p>97209 Veitsh\u00f6chheim<\/p>\n<p>info@frauen\u00e4rtin-kara.de<\/p>\n<p>+49 (0)931\/93960<\/p>\n<ol>\n<li><strong> Erhebung und Speicherung personenbezogener Daten (inklusive Gesundheitsdaten)<\/strong><\/li>\n<li><u> Wenn Sie Patientin in unserer Praxis werden, erheben wir folgende Informationen:<\/u><\/li>\n<\/ol>\n<ul>\n<li>Anrede, Vorname, Nachname<\/li>\n<li>eine g\u00fcltige E-Mail-Adresse freiwillig<\/li>\n<li>Anschrift<\/li>\n<li>Telefonnummer (Festnetz und\/oder Mobilfunk) freiwillig<\/li>\n<li>Informationen, die f\u00fcr Ihre Behandlung im Rahmen des Behandlungsvertrages notwendig sind<\/li>\n<\/ul>\n<p>Wir verarbeiten grunds\u00e4tzlich nur die Daten, die zur Durchf\u00fchrung der Behandlung und des geschlossenen Behandlungsvertrages erforderlich sind oder deren Verarbeitung gesetzlich vorgeschrieben ist. Zum Beispiel ist die Angabe von Telefonnummer und E-Mail-Adresse freiwillig.<\/p>\n<p>Es sind keine negativen Konsequenzen mit der Nichtbereitstellung der als freiwillig gekennzeichneten Daten verbunden. Allerdings kann die Nichtbereitstellung im Einzelfall die Behandlung sowie die damit einhergehende Kommunikation erschweren.<\/p>\n<ol start=\"2\">\n<li><u> Zudem verarbeiten wir Ihre Gesundheitsdaten.<\/u><\/li>\n<\/ol>\n<p>Bei diesen handelt es sich um eine besonders schutzw\u00fcrdige Kategorie personenbezogener Daten. Dazu z\u00e4hlen Anamnesen, Diagnosen, Therapievorschl\u00e4ge und Befunde, die wir oder andere \u00c4rzte erheben. Zu diesen Zwecken k\u00f6nnen uns auch andere \u00c4rzte oder Psychotherapeuten, bei denen Sie in Behandlung sind, Daten zur Verf\u00fcgung stellen (z.B. in Arztbriefen).<\/p>\n<p>Die Erhebung von Gesundheitsdaten ist Voraussetzung f\u00fcr Ihre Behandlung. Werden die notwendigen Informationen nicht bereitgestellt, kann eine sorgf\u00e4ltige Behandlung\u00a0 nicht erfolgen.<\/p>\n<p><strong>III. Zweck der Datenverarbeitung<\/strong><\/p>\n<ol>\n<li><u> Die Erhebung dieser Daten erfolgt:<\/u><\/li>\n<\/ol>\n<ul>\n<li>um den zwischen Ihnen und der Frauenarztpraxis Seng\u00fcl Kara geschlossenen Behandlungsvertrag und die damit verbundenen Pflichten erf\u00fcllen zu k\u00f6nnen<\/li>\n<li>um Sie als Patientin identifizieren zu k\u00f6nnen<\/li>\n<li>um Sie angemessen \u00e4rztlich und medizinisch beraten und vertreten zu k\u00f6nnen<\/li>\n<li>zur Korrespondenz mit Ihnen<\/li>\n<li>zur Wahrung berechtigter Interessen<\/li>\n<li>zur Rechnungsstellung<\/li>\n<li>zur Abwicklung von evtl. vorliegenden Haftungsanspr\u00fcchen sowie zur Geltendmachung etwaiger Anspr\u00fcche gegen Sie<\/li>\n<\/ul>\n<p>Die Datenverarbeitung ist nach Art. 6 Abs. 1 S. 1 lit. b und Art. 9 Abs. 2 lit. h DSGVO zu den genannten Zwecken f\u00fcr die angemessene Durchf\u00fchrung der Behandlung und f\u00fcr die beidseitige Erf\u00fcllung von Verpflichtungen aus dem Behandlungsvertrag erforderlich. Ist hierzu die Weitergabe Ihrer Daten an Dritte erforderlich, findet die Regelung unter V. 1. Anwendung.<\/p>\n<ol start=\"2\">\n<li><u> Das Arztgeheimnis bleibt unber\u00fchrt.<\/u><\/li>\n<\/ol>\n<p>Soweit es sich um Daten handelt, die dem Arztgeheimnis unterliegen, erfolgt eine Weitergabe an Dritte nur in Absprache mit Ihnen.<\/p>\n<ol start=\"3\">\n<li>Die im Rahmen des Behandlungsvertrages von uns erhobenen personenbezogenen Daten werden bis zum Ablauf der gesetzlichen Aufbewahrungspflicht f\u00fcr \u00c4rzte (10 Jahre nach Ablauf des Kalenderjahres, in dem das Behandlungsverh\u00e4ltnis beendet wurde,) gespeichert und danach gel\u00f6scht; es sei denn, dass wir nach Artikel 6 Abs. 1 S. 1 lit. c DSGVO aufgrund von berufs-, zivil- oder spezialgesetzlichen Aufbewahrungs- und Dokumentationspflichten zu einer l\u00e4ngeren Speicherung verpflichtet sind oder Sie in eine dar\u00fcber hinausgehende Speicherung nach Art. 6 Abs. 1 S. 1 lit. a DSGVO eingewilligt haben.<\/li>\n<\/ol>\n<ol>\n<li><strong> Empf\u00e4nger Ihrer Daten<\/strong><\/li>\n<\/ol>\n<p>Wir \u00fcbermitteln Ihre personenbezogenen Daten (inklusive Gesundheitsdaten) nur dann an Dritte, wenn dies gesetzlich erlaubt ist oder Sie gesondert darin eingewilligt haben. Empf\u00e4nger Ihrer personenbezogenen Daten (inklusive Gesundheitsdaten) k\u00f6nnen vor allem andere \u00c4rzte\/ Psychotherapeuten, Kassen\u00e4rztliche Vereinigungen, Krankenkassen, der Medizinische Dienst der Krankenversicherung, \u00c4rztekammern und privat\u00e4rztliche Verrechnungsstellen sein.<\/p>\n<p>Eine \u00dcbermittlung Ihrer pers\u00f6nlichen Daten an Dritte zu anderen als den im Folgenden aufgef\u00fchrten Zwecken findet nicht statt. Die weitergegebenen Daten d\u00fcrfen von dem Dritten ausschlie\u00dflich zu den genannten Zwecken verwendet werden. Diese Zwecke lauten:<\/p>\n<ol>\n<li><u> Datenverarbeitung zur Erf\u00fcllung vertraglicher Verpflichtungen<\/u><\/li>\n<li>a) Sofern eine Datenverarbeitung gem\u00e4\u00df Art. 6 Abs. 1 lit. b und Art. 9 Abs. 2 lit. h DSGVO zum Zweck der Vertragserf\u00fcllung erfolgt, umfasst dies auch die Weitergabe Ihrer Daten (inklusive Gesundheitsdaten) an die in unserer Praxis jeweilig zust\u00e4ndigen \u00c4rzte, das Praxispersonal, berufsm\u00e4\u00dfig t\u00e4tige Gehilfen, zur Vorbereitung auf den Arztberuf t\u00e4tige Personen sowie ggf. die Weitergabe von Gesundheitsdaten zu Abrechnungszwecken an gesetzliche Krankenkassen.<\/li>\n<\/ol>\n<ol>\n<li>b) Ihre Daten (inklusive Gesundheitsdaten) werden mit Ihrer Einwilligung zudem an sonstige mitwirkende Personen weitergegeben, die uns bei unserer beruflichen T\u00e4tigkeit unterst\u00fctzen. Hierbei handelt es sich z.B. um externe Dienstleister wie z.B. IT-Dienstleister, Unternehmen, die Daten vernichten oder archivieren oder Druckdienstleister.<\/li>\n<\/ol>\n<p>Diese sonstigen mitwirkenden Personen unterst\u00fctzen uns streng weisungsgebunden im Rahmen einer Auftragsdatenverarbeitung. Deren Mitarbeiter sind auf besondere Vertraulichkeit verpflichtet worden.<\/p>\n<ol>\n<li>c) Eine Datenverarbeitung au\u00dferhalb der EU bzw. des EWR findet nicht statt. Wir werden Ihre personenbezogenen Daten weder an Dritte verkaufen noch anderweitig vermarkten.<\/li>\n<\/ol>\n<ol start=\"2\">\n<li><u> Datenverarbeitung zur Erf\u00fcllung rechtlicher Verpflichtungen<\/u><\/li>\n<\/ol>\n<p>Eine Daten\u00fcbermittlung (inklusive Gesundheitsdaten) an Dritte erfolgt, sofern hierzu eine gesetzliche Verpflichtung besteht, z.B. die Information an das Gesundheitsamt \u00fcber meldepflichtige Krankheiten nach den \u00a7\u00a7 6, 7 des Infektionsschutzgesetzes oder sozialrechtliche Mitteilungspflichten. Die Datenverarbeitung erfolgt in diesen F\u00e4llen auf Grundlage von Art. 6 Abs. 1 lit. c DSGVO und\/oder Art. 9 Abs. 2 lit. b DSGVO.<\/p>\n<p><u>\u00a0<\/u><\/p>\n<ol start=\"3\">\n<li><u> Datenverarbeitung zum Schutz lebenswichtiger Interessen<\/u><\/li>\n<\/ol>\n<p>Eine Daten\u00fcbermittlung (inklusive Gesundheitsdaten) an Dritte kann im Einzelfall zum Schutz Ihrer lebenswichtigen Interessen, z.B. in Notfallsituationen, in denen eine Einwilligung nicht mehr eingeholt werden kann, erfolgen. Die Datenverarbeitung erfolgt dann auf Grundlage von Art. 6 Abs. 1 lit. d und Art. 9 Abs. 2 lit. c DSGVO.<\/p>\n<ol>\n<li><strong> Datenverarbeitung auf Grundlage einer Einwilligung und Widerrufsm\u00f6glichkeit<\/strong><\/li>\n<\/ol>\n<p>Sofern Sie uns jeweils eine gesonderte Einwilligung erteilt haben, geben wir Ihre Daten ggf. an Ihren Hausarzt bzw. den weiterbehandelnden Arzt (inklusive Gesundheitsdaten), an Labore und Apotheken (inklusive Gesundheitsdaten).<\/p>\n<p>Die Datenverarbeitung erfolgt dann auf Grundlage von Art. 6 Abs. 1 lit. a und Art. 9 Abs. 2 lit. a DSGVO.<\/p>\n<p>Ihre Einwilligung kann jederzeit widerrufen werden, ohne dass dies die Rechtm\u00e4\u00dfigkeit der aufgrund der Einwilligung bis zum Widerruf erfolgten Verarbeitung ber\u00fchrt.<\/p>\n<ol>\n<li><strong> Ihre Rechte<\/strong><\/li>\n<\/ol>\n<p>Werden personenbezogene Daten von Ihnen verarbeitet, sind Sie Betroffener i.S.d. DSGVO und es stehen Ihnen folgende Rechte gegen\u00fcber dem Verantwortlichen zu::<\/p>\n<ol>\n<li>gem\u00e4\u00df Art. 7 Abs. 3 DSGVO Ihre einmal erteilte Einwilligung jederzeit gegen\u00fcber uns zu widerrufen. Dies hat zur Folge, dass wir die Datenverarbeitung, die ausschlie\u00dflich auf dieser Einwilligung beruhte, f\u00fcr die Zukunft nicht mehr fortf\u00fchren d\u00fcrfen. Die Rechtm\u00e4\u00dfigkeit der aufgrund der Einwilligung bis zum Widerruf erfolgten Verarbeitung wird nicht ber\u00fchrt.<\/li>\n<\/ol>\n<ol start=\"2\">\n<li>gem\u00e4\u00df Art. 15 DSGVO Auskunft \u00fcber Ihre von uns verarbeiteten personenbezogenen Daten zu verlangen. Insbesondere k\u00f6nnen Sie Auskunft \u00fcber die Verarbeitungszwecke, die Kategorie der personenbezogenen Daten, die Kategorien von Empf\u00e4ngern, gegen\u00fcber denen Ihre Daten offengelegt wurden oder werden, die geplante Speicherdauer, das Bestehen eines Rechts auf Berichtigung, L\u00f6schung, Einschr\u00e4nkung der Verarbeitung oder Widerspruch, das Bestehen eines Beschwerderechts, die Herkunft ihrer Daten, sofern diese nicht bei uns erhoben wurden, sowie \u00fcber das Bestehen einer automatisierten Entscheidungsfindung einschlie\u00dflich Profiling und ggf. aussagekr\u00e4ftigen Informationen zu deren Einzelheiten verlangen.<\/li>\n<\/ol>\n<ol start=\"3\">\n<li>gem\u00e4\u00df Art. 16 DSGVO unverz\u00fcglich die Berichtigung unrichtiger oder die Vervollst\u00e4ndigung Ihrer bei uns gespeicherten personenbezogenen Daten zu verlangen.<\/li>\n<\/ol>\n<ol start=\"4\">\n<li>gem\u00e4\u00df Art. 17 DSGVO die L\u00f6schung Ihrer bei uns gespeicherten personenbezogenen Daten zu verlangen, soweit nicht die Verarbeitung zur Aus\u00fcbung des Rechts auf freie Meinungs\u00e4u\u00dferung und Information, zur Erf\u00fcllung einer rechtlichen Verpflichtung, aus Gr\u00fcnden des \u00f6ffentlichen Interesses oder zur Geltendmachung, Aus\u00fcbung oder Verteidigung von Rechtsanspr\u00fcchen erforderlich ist.<\/li>\n<\/ol>\n<ol start=\"5\">\n<li>gem\u00e4\u00df Art. 18 DSGVO die Einschr\u00e4nkung der Verarbeitung Ihrer personenbezogenen Daten zu verlangen, soweit die Richtigkeit der Daten von Ihnen bestritten wird, die Verarbeitung unrechtm\u00e4\u00dfig ist, Sie aber deren L\u00f6schung ablehnen und wir die Daten nicht mehr ben\u00f6tigen, Sie jedoch diese zur Geltendmachung, Aus\u00fcbung oder Verteidigung von Rechtsanspr\u00fcchen ben\u00f6tigen oder Sie gem\u00e4\u00df Art. 21 DSGVO Widerspruch gegen die Verarbeitung eingelegt haben.<\/li>\n<\/ol>\n<ol start=\"6\">\n<li>gem\u00e4\u00df Art. 20 DSGVO Ihre personenbezogenen Daten, die Sie uns bereitgestellt haben, in einem strukturierten, g\u00e4ngigen und maschinenlesebaren Format zu erhalten oder die \u00dcbermittlung an einen anderen Verantwortlichen zu verlangen.<\/li>\n<\/ol>\n<ol start=\"7\">\n<li>gem\u00e4\u00df Art. 77 DSGVO sich bei einer Aufsichtsbeh\u00f6rde zu beschweren. In der Regel k\u00f6nnen Sie sich hierf\u00fcr an die Aufsichtsbeh\u00f6rde Ihres \u00fcblichen Aufenthaltsortes oder Arbeitsplatzes oder unseres Praxissitzes wenden.<\/li>\n<\/ol>\n<p><strong>VII. Widerspruchsrecht<\/strong><\/p>\n<p>Sofern Ihre personenbezogenen Daten auf Grundlage von berechtigten Interessen gem\u00e4\u00df Art. 6 Abs. 1 S. 1 lit. f DSGVO verarbeitet werden, haben Sie das Recht, gem\u00e4\u00df Art. 21 DSGVO Widerspruch gegen die Verarbeitung Ihrer personenbezogenen Daten einzulegen, soweit daf\u00fcr Gr\u00fcnde vorliegen, die sich aus Ihrer besonderen Situation ergeben.<\/p>\n<p>Wir verarbeiten Ihre personenbezogenen Daten dann nicht mehr; es sei denn, es bestehen zwingende schutzw\u00fcrdige Gr\u00fcnde f\u00fcr die Verarbeitung, die die Interessen, Rechte und Freiheiten der betroffenen Person \u00fcberwiegen, oder die Verarbeitung dient der Geltendmachung, Aus\u00fcbung oder Verteidigung von Rechtsanspr\u00fcchen.<\/p>\n<p>M\u00f6chten Sie von Ihrem Widerspruchsrecht Gebrauch machen, gen\u00fcgt eine E-Mail an info@frauen\u00e4rztin-kara.de<\/p>\n","protected":false},"excerpt":{"rendered":"<p>Patienteninformation zur Erhebung personenbezogener Daten nach Art. 13 DSGVO Wir freuen uns, dass Sie unsere Website besuchen und bedanken uns f\u00fcr Ihr Interesse an unserer Praxis. Der Schutz Ihrer personenbezogenen Daten ist uns wichtig. Nach der EU-Datenschutz-Grundverordnung (DSGVO) sind wir verpflichtet, Sie dar\u00fcber zu informieren, zu welchem Zweck unsere Praxis Daten erhebt, speichert oder weiterleitet. Der Information k\u00f6nnen Sie auch entnehmen, welche Rechte Sie in puncto Datenschutz haben. Verantwortlichkeit f\u00fcr die Datenverarbeitung Verantwortlich f\u00fcr die Datenverarbeitung ist: Frauenarztpraxis Seng\u00fcl Kara Bahnhofstra\u00dfe 10 97209 Veitsh\u00f6chheim info@frauen\u00e4rtin-kara.de +49 (0)931\/93960 Erhebung und Speicherung personenbezogener Daten (inklusive Gesundheitsdaten) Wenn Sie Patientin in unserer Praxis werden, erheben wir folgende Informationen: Anrede, Vorname, Nachname eine g\u00fcltige E-Mail-Adresse freiwillig Anschrift Telefonnummer (Festnetz und\/oder Mobilfunk) freiwillig Informationen, die f\u00fcr Ihre Behandlung im Rahmen des Behandlungsvertrages notwendig sind Wir verarbeiten grunds\u00e4tzlich nur die Daten, die zur Durchf\u00fchrung der Behandlung und des geschlossenen Behandlungsvertrages erforderlich sind oder deren Verarbeitung gesetzlich vorgeschrieben ist. Zum Beispiel ist die Angabe von Telefonnummer und E-Mail-Adresse freiwillig. Es sind keine negativen Konsequenzen mit der Nichtbereitstellung der als freiwillig gekennzeichneten Daten verbunden. Allerdings kann die Nichtbereitstellung im Einzelfall die Behandlung sowie die damit einhergehende Kommunikation erschweren. Zudem verarbeiten wir Ihre Gesundheitsdaten. Bei diesen handelt es sich um eine besonders schutzw\u00fcrdige Kategorie personenbezogener Daten. Dazu z\u00e4hlen Anamnesen, Diagnosen, Therapievorschl\u00e4ge und Befunde, die wir oder andere \u00c4rzte erheben. Zu diesen Zwecken k\u00f6nnen uns auch andere \u00c4rzte oder Psychotherapeuten, bei denen Sie in Behandlung sind, Daten zur Verf\u00fcgung stellen (z.B. in Arztbriefen). Die Erhebung von Gesundheitsdaten ist Voraussetzung f\u00fcr Ihre Behandlung. Werden die notwendigen Informationen nicht bereitgestellt, kann eine sorgf\u00e4ltige Behandlung\u00a0 nicht erfolgen. III. Zweck der Datenverarbeitung Die Erhebung dieser Daten erfolgt: um den zwischen Ihnen und der Frauenarztpraxis Seng\u00fcl Kara geschlossenen Behandlungsvertrag und die damit verbundenen Pflichten erf\u00fcllen zu k\u00f6nnen um Sie als Patientin identifizieren zu k\u00f6nnen um Sie angemessen \u00e4rztlich und medizinisch beraten und vertreten zu k\u00f6nnen zur Korrespondenz mit Ihnen zur Wahrung berechtigter Interessen zur Rechnungsstellung zur Abwicklung von evtl. vorliegenden Haftungsanspr\u00fcchen sowie zur Geltendmachung etwaiger Anspr\u00fcche gegen Sie Die Datenverarbeitung ist nach Art. 6 Abs. 1 S. 1 lit. b und Art. 9 Abs. 2 lit. h DSGVO zu den genannten Zwecken f\u00fcr die angemessene Durchf\u00fchrung der Behandlung und f\u00fcr die beidseitige Erf\u00fcllung von Verpflichtungen aus dem Behandlungsvertrag erforderlich. Ist hierzu die Weitergabe Ihrer Daten an Dritte erforderlich, findet die Regelung unter V. 1. Anwendung. Das Arztgeheimnis bleibt unber\u00fchrt. Soweit es sich um Daten handelt, die dem Arztgeheimnis unterliegen, erfolgt eine Weitergabe an Dritte nur in Absprache mit Ihnen. Die im Rahmen des Behandlungsvertrages von uns erhobenen personenbezogenen Daten werden bis zum Ablauf der gesetzlichen Aufbewahrungspflicht f\u00fcr \u00c4rzte (10 Jahre nach Ablauf des Kalenderjahres, in dem das Behandlungsverh\u00e4ltnis beendet wurde,) gespeichert und danach gel\u00f6scht; es sei denn, dass wir nach Artikel 6 Abs. 1 S. 1 lit. c DSGVO aufgrund von berufs-, zivil- oder spezialgesetzlichen Aufbewahrungs- und Dokumentationspflichten zu einer l\u00e4ngeren Speicherung verpflichtet sind oder Sie in eine dar\u00fcber hinausgehende Speicherung nach Art. 6 Abs. 1 S. 1 lit. a DSGVO eingewilligt haben. Empf\u00e4nger Ihrer Daten Wir \u00fcbermitteln Ihre personenbezogenen Daten (inklusive Gesundheitsdaten) nur dann an Dritte, wenn dies gesetzlich erlaubt ist oder Sie gesondert darin eingewilligt haben. Empf\u00e4nger Ihrer personenbezogenen Daten (inklusive Gesundheitsdaten) k\u00f6nnen vor allem andere \u00c4rzte\/ Psychotherapeuten, Kassen\u00e4rztliche Vereinigungen, Krankenkassen, der Medizinische Dienst der Krankenversicherung, \u00c4rztekammern und privat\u00e4rztliche Verrechnungsstellen sein. Eine \u00dcbermittlung Ihrer pers\u00f6nlichen Daten an Dritte zu anderen als den im Folgenden aufgef\u00fchrten Zwecken findet nicht statt. Die weitergegebenen Daten d\u00fcrfen von dem Dritten ausschlie\u00dflich zu den genannten Zwecken verwendet werden. Diese Zwecke lauten: Datenverarbeitung zur Erf\u00fcllung vertraglicher Verpflichtungen a) Sofern eine Datenverarbeitung gem\u00e4\u00df Art. 6 Abs. 1 lit. b und Art. 9 Abs. 2 lit. h DSGVO zum Zweck der Vertragserf\u00fcllung erfolgt, umfasst dies auch die Weitergabe Ihrer Daten (inklusive Gesundheitsdaten) an die in unserer Praxis jeweilig zust\u00e4ndigen \u00c4rzte, das Praxispersonal, berufsm\u00e4\u00dfig t\u00e4tige Gehilfen, zur Vorbereitung auf den Arztberuf t\u00e4tige Personen sowie ggf. die Weitergabe von Gesundheitsdaten zu Abrechnungszwecken an gesetzliche Krankenkassen. b) Ihre Daten (inklusive Gesundheitsdaten) werden mit Ihrer Einwilligung zudem an sonstige mitwirkende Personen weitergegeben, die uns bei unserer beruflichen T\u00e4tigkeit unterst\u00fctzen. Hierbei handelt es sich z.B. um externe Dienstleister wie z.B. IT-Dienstleister, Unternehmen, die Daten vernichten oder archivieren oder Druckdienstleister. Diese sonstigen mitwirkenden Personen unterst\u00fctzen uns streng weisungsgebunden im Rahmen einer Auftragsdatenverarbeitung. Deren Mitarbeiter sind auf besondere Vertraulichkeit verpflichtet worden. c) Eine Datenverarbeitung au\u00dferhalb der EU bzw. des EWR findet nicht statt. Wir werden Ihre personenbezogenen Daten weder an Dritte verkaufen noch anderweitig vermarkten. Datenverarbeitung zur Erf\u00fcllung rechtlicher Verpflichtungen Eine Daten\u00fcbermittlung (inklusive Gesundheitsdaten) an Dritte erfolgt, sofern hierzu eine gesetzliche Verpflichtung besteht, z.B. die Information an das Gesundheitsamt \u00fcber meldepflichtige Krankheiten nach den \u00a7\u00a7 6, 7 des Infektionsschutzgesetzes oder sozialrechtliche Mitteilungspflichten. Die Datenverarbeitung erfolgt in diesen F\u00e4llen auf Grundlage von Art. 6 Abs. 1 lit. c DSGVO und\/oder Art. 9 Abs. 2 lit. b DSGVO. \u00a0 Datenverarbeitung zum Schutz lebenswichtiger Interessen Eine Daten\u00fcbermittlung (inklusive Gesundheitsdaten) an Dritte kann im Einzelfall zum Schutz Ihrer lebenswichtigen Interessen, z.B. in Notfallsituationen, in denen eine Einwilligung nicht mehr eingeholt werden kann, erfolgen. Die Datenverarbeitung erfolgt dann auf Grundlage von Art. 6 Abs. 1 lit. d und Art. 9 Abs. 2 lit. c DSGVO. Datenverarbeitung auf Grundlage einer Einwilligung und Widerrufsm\u00f6glichkeit Sofern Sie uns jeweils eine gesonderte Einwilligung erteilt haben, geben wir Ihre Daten ggf. an Ihren Hausarzt bzw. den weiterbehandelnden Arzt (inklusive Gesundheitsdaten), an Labore und Apotheken (inklusive Gesundheitsdaten). Die Datenverarbeitung erfolgt dann auf Grundlage von Art. 6 Abs. 1 lit. a und Art. 9 Abs. 2 lit. a DSGVO. Ihre Einwilligung kann jederzeit widerrufen werden, ohne dass dies die Rechtm\u00e4\u00dfigkeit der aufgrund der Einwilligung bis zum Widerruf erfolgten Verarbeitung ber\u00fchrt. Ihre Rechte Werden personenbezogene Daten von Ihnen verarbeitet, sind Sie Betroffener i.S.d. DSGVO und es stehen Ihnen folgende Rechte gegen\u00fcber dem Verantwortlichen zu:: gem\u00e4\u00df Art. 7 Abs. 3 DSGVO Ihre einmal erteilte Einwilligung jederzeit gegen\u00fcber uns zu widerrufen. Dies hat zur Folge, dass wir die Datenverarbeitung, die ausschlie\u00dflich auf dieser Einwilligung beruhte, f\u00fcr die Zukunft nicht mehr fortf\u00fchren d\u00fcrfen. Die Rechtm\u00e4\u00dfigkeit der aufgrund der Einwilligung bis zum Widerruf erfolgten<\/p>\n","protected":false},"author":1,"featured_media":0,"parent":0,"menu_order":0,"comment_status":"closed","ping_status":"closed","template":"","meta":{"footnotes":""},"class_list":["post-248","page","type-page","status-publish","hentry"],"_links":{"self":[{"href":"https:\/\/frauenaerztin-kara.de\/index.php?rest_route=\/wp\/v2\/pages\/248","targetHints":{"allow":["GET"]}}],"collection":[{"href":"https:\/\/frauenaerztin-kara.de\/index.php?rest_route=\/wp\/v2\/pages"}],"about":[{"href":"https:\/\/frauenaerztin-kara.de\/index.php?rest_route=\/wp\/v2\/types\/page"}],"author":[{"embeddable":true,"href":"https:\/\/frauenaerztin-kara.de\/index.php?rest_route=\/wp\/v2\/users\/1"}],"replies":[{"embeddable":true,"href":"https:\/\/frauenaerztin-kara.de\/index.php?rest_route=%2Fwp%2Fv2%2Fcomments&post=248"}],"version-history":[{"count":4,"href":"https:\/\/frauenaerztin-kara.de\/index.php?rest_route=\/wp\/v2\/pages\/248\/revisions"}],"predecessor-version":[{"id":806,"href":"https:\/\/frauenaerztin-kara.de\/index.php?rest_route=\/wp\/v2\/pages\/248\/revisions\/806"}],"wp:attachment":[{"href":"https:\/\/frauenaerztin-kara.de\/index.php?rest_route=%2Fwp%2Fv2%2Fmedia&parent=248"}],"curies":[{"name":"wp","href":"https:\/\/api.w.org\/{rel}","templated":true}]}}